{"id":100,"date":"2024-10-29T19:50:30","date_gmt":"2024-10-29T18:50:30","guid":{"rendered":"https:\/\/www.collectif-les-etincelles.fr\/?page_id=100"},"modified":"2024-10-29T19:57:19","modified_gmt":"2024-10-29T18:57:19","slug":"qui-sommes-nous","status":"publish","type":"page","link":"https:\/\/www.collectif-les-etincelles.fr\/?page_id=100","title":{"rendered":"Qui sommes nous ?"},"content":{"rendered":"\n<p>Nous sommes un collectif de salari\u00e9.e.s de l&rsquo;animation en Dr\u00f4me et Ard\u00e8che . Nous effectuons des recherches en lien avec le monde professionnel du Cin\u00e9ma d&rsquo;animation . Nous organisons des r\u00e9unions publiques d&rsquo;information<\/p>\n\n\n\n<figure class=\"wp-block-image size-large is-resized\"><img loading=\"lazy\" decoding=\"async\" width=\"939\" height=\"1024\" src=\"http:\/\/www.collectif-les-etincelles.fr\/wp-content\/uploads\/2024\/06\/drome_ardeche-939x1024.png\" alt=\"\" class=\"wp-image-31\" style=\"width:621px;height:auto\" srcset=\"https:\/\/www.collectif-les-etincelles.fr\/wp-content\/uploads\/2024\/06\/drome_ardeche-939x1024.png 939w, https:\/\/www.collectif-les-etincelles.fr\/wp-content\/uploads\/2024\/06\/drome_ardeche-275x300.png 275w, https:\/\/www.collectif-les-etincelles.fr\/wp-content\/uploads\/2024\/06\/drome_ardeche-768x838.png 768w, https:\/\/www.collectif-les-etincelles.fr\/wp-content\/uploads\/2024\/06\/drome_ardeche.png 1200w\" sizes=\"auto, (max-width: 939px) 100vw, 939px\" \/><\/figure>\n\n\n\n<div class=\"wp-block-group alignfull has-global-padding is-layout-constrained wp-container-core-group-is-layout-490fa1db wp-block-group-is-layout-constrained\" style=\"padding-top:var(--wp--preset--spacing--50);padding-right:var(--wp--preset--spacing--50);padding-bottom:var(--wp--preset--spacing--50);padding-left:var(--wp--preset--spacing--50)\">\n<div style=\"height:20px\" aria-hidden=\"true\" class=\"wp-block-spacer\"><\/div>\n<\/div>\n\n\n\n<div class=\"wp-block-group alignfull has-base-2-background-color has-background has-global-padding is-layout-constrained wp-container-core-group-is-layout-669513ed wp-block-group-is-layout-constrained\" style=\"margin-top:0;margin-bottom:0;padding-top:var(--wp--preset--spacing--50);padding-right:var(--wp--preset--spacing--50);padding-bottom:var(--wp--preset--spacing--50);padding-left:var(--wp--preset--spacing--50)\">\n<div class=\"wp-block-group is-vertical is-content-justification-center is-layout-flex wp-container-core-group-is-layout-52b864f0 wp-block-group-is-layout-flex\">\n<h2 class=\"wp-block-heading has-text-align-center is-style-asterisk\">Nos missions <\/h2>\n\n\n\n<div style=\"height:0px\" aria-hidden=\"true\" class=\"wp-block-spacer wp-container-content-4f2ccadb\"><\/div>\n\n\n\n<div style=\"margin-top:0;margin-bottom:0;height:0px\" aria-hidden=\"true\" class=\"wp-block-spacer wp-container-content-9d1f8957\"><\/div>\n<\/div>\n\n\n\n<div class=\"wp-block-columns alignwide is-layout-flex wp-container-core-columns-is-layout-d0bbbce0 wp-block-columns-is-layout-flex\">\n<div class=\"wp-block-column is-layout-flow wp-container-core-column-is-layout-e3d1c41b wp-block-column-is-layout-flow\">\n<h3 class=\"wp-block-heading has-text-align-left is-style-asterisk has-body-font-family has-medium-font-size\" style=\"font-style:normal;font-weight:600\">Information<\/h3>\n\n\n\n<p class=\"has-text-align-left\">Unifier, rassembler et informer les travailleu\u00b7r\u00b7ses du secteur de l\u2019animation en Dr\u00f4me Ard\u00e8che<\/p>\n<\/div>\n\n\n\n<div class=\"wp-block-column is-layout-flow wp-container-core-column-is-layout-e3d1c41b wp-block-column-is-layout-flow\">\n<h3 class=\"wp-block-heading has-text-align-left is-style-asterisk has-body-font-family has-medium-font-size\" style=\"font-style:normal;font-weight:600\">Conditions de travail <\/h3>\n\n\n\n<p class=\"has-text-align-left\">D\u00e9fendre des conditions de travail honn\u00eates et justes<\/p>\n<\/div>\n\n\n\n<div class=\"wp-block-column is-layout-flow wp-container-core-column-is-layout-e3d1c41b wp-block-column-is-layout-flow\">\n<h3 class=\"wp-block-heading has-text-align-left is-style-asterisk has-body-font-family has-medium-font-size\" style=\"font-style:normal;font-weight:600\">Relais<\/h3>\n\n\n\n<p class=\"has-text-align-left\">Donner une voix \u00e0 toustes les travailleu\u00b7r\u00b7ses de l\u2019animation<\/p>\n<\/div>\n<\/div>\n\n\n\n<div class=\"wp-block-columns alignwide is-layout-flex wp-container-core-columns-is-layout-d0bbbce0 wp-block-columns-is-layout-flex\">\n<div class=\"wp-block-column is-layout-flow wp-container-core-column-is-layout-e3d1c41b wp-block-column-is-layout-flow\">\n<h3 class=\"wp-block-heading has-text-align-left is-style-asterisk has-body-font-family has-medium-font-size\" style=\"font-style:normal;font-weight:600\">Animation<\/h3>\n\n\n\n<p class=\"has-text-align-left\">D\u00e9fendre la qualit\u00e9 du travail et la pratique de l&rsquo;animation en France<\/p>\n<\/div>\n<\/div>\n<\/div>\n","protected":false},"excerpt":{"rendered":"<p>Nous sommes un collectif de salari\u00e9.e.s de l&rsquo;animation en Dr\u00f4me et Ard\u00e8che . Nous effectuons des recherches en lien avec le monde professionnel du Cin\u00e9ma d&rsquo;animation . Nous organisons des r\u00e9unions publiques d&rsquo;information Nos missions Information Unifier, rassembler et informer les travailleu\u00b7r\u00b7ses du secteur de l\u2019animation en Dr\u00f4me Ard\u00e8che Conditions de travail D\u00e9fendre des conditions [&hellip;]<\/p>\n","protected":false},"author":1,"featured_media":0,"parent":0,"menu_order":0,"comment_status":"closed","ping_status":"closed","template":"","meta":{"footnotes":""},"class_list":["post-100","page","type-page","status-publish","hentry"],"_links":{"self":[{"href":"https:\/\/www.collectif-les-etincelles.fr\/index.php?rest_route=\/wp\/v2\/pages\/100","targetHints":{"allow":["GET"]}}],"collection":[{"href":"https:\/\/www.collectif-les-etincelles.fr\/index.php?rest_route=\/wp\/v2\/pages"}],"about":[{"href":"https:\/\/www.collectif-les-etincelles.fr\/index.php?rest_route=\/wp\/v2\/types\/page"}],"author":[{"embeddable":true,"href":"https:\/\/www.collectif-les-etincelles.fr\/index.php?rest_route=\/wp\/v2\/users\/1"}],"replies":[{"embeddable":true,"href":"https:\/\/www.collectif-les-etincelles.fr\/index.php?rest_route=%2Fwp%2Fv2%2Fcomments&post=100"}],"version-history":[{"count":5,"href":"https:\/\/www.collectif-les-etincelles.fr\/index.php?rest_route=\/wp\/v2\/pages\/100\/revisions"}],"predecessor-version":[{"id":106,"href":"https:\/\/www.collectif-les-etincelles.fr\/index.php?rest_route=\/wp\/v2\/pages\/100\/revisions\/106"}],"wp:attachment":[{"href":"https:\/\/www.collectif-les-etincelles.fr\/index.php?rest_route=%2Fwp%2Fv2%2Fmedia&parent=100"}],"curies":[{"name":"wp","href":"https:\/\/api.w.org\/{rel}","templated":true}]}}

<p>Nous sommes un collectif de salarié.e.s de l&rsquo;animation en Drôme et Ardèche . Nous effectuons des recherches en lien avec le monde professionnel du Cinéma d&rsquo;animation . Nous organisons des réunions publiques d&rsquo;information</p>



<figure class="wp-block-image size-large is-resized"><img loading="lazy" decoding="async" width="939" height="1024" src="http://www.collectif-les-etincelles.fr/wp-content/uploads/2024/06/drome_ardeche-939x1024.png" alt="" class="wp-image-31" style="width:621px;height:auto" srcset="https://www.collectif-les-etincelles.fr/wp-content/uploads/2024/06/drome_ardeche-939x1024.png 939w, https://www.collectif-les-etincelles.fr/wp-content/uploads/2024/06/drome_ardeche-275x300.png 275w, https://www.collectif-les-etincelles.fr/wp-content/uploads/2024/06/drome_ardeche-768x838.png 768w, https://www.collectif-les-etincelles.fr/wp-content/uploads/2024/06/drome_ardeche.png 1200w" sizes="auto, (max-width: 939px) 100vw, 939px" /></figure>



<div class="wp-block-group alignfull has-global-padding is-layout-constrained wp-container-core-group-is-layout-490fa1db wp-block-group-is-layout-constrained" style="padding-top:var(--wp--preset--spacing--50);padding-right:var(--wp--preset--spacing--50);padding-bottom:var(--wp--preset--spacing--50);padding-left:var(--wp--preset--spacing--50)">
<div style="height:20px" aria-hidden="true" class="wp-block-spacer"></div>
</div>



<div class="wp-block-group alignfull has-base-2-background-color has-background has-global-padding is-layout-constrained wp-container-core-group-is-layout-669513ed wp-block-group-is-layout-constrained" style="margin-top:0;margin-bottom:0;padding-top:var(--wp--preset--spacing--50);padding-right:var(--wp--preset--spacing--50);padding-bottom:var(--wp--preset--spacing--50);padding-left:var(--wp--preset--spacing--50)">
<div class="wp-block-group is-vertical is-content-justification-center is-layout-flex wp-container-core-group-is-layout-52b864f0 wp-block-group-is-layout-flex">
<h2 class="wp-block-heading has-text-align-center is-style-asterisk">Nos missions </h2>



<div style="height:0px" aria-hidden="true" class="wp-block-spacer wp-container-content-4f2ccadb"></div>



<div style="margin-top:0;margin-bottom:0;height:0px" aria-hidden="true" class="wp-block-spacer wp-container-content-9d1f8957"></div>
</div>



<div class="wp-block-columns alignwide is-layout-flex wp-container-core-columns-is-layout-d0bbbce0 wp-block-columns-is-layout-flex">
<div class="wp-block-column is-layout-flow wp-container-core-column-is-layout-e3d1c41b wp-block-column-is-layout-flow">
<h3 class="wp-block-heading has-text-align-left is-style-asterisk has-body-font-family has-medium-font-size" style="font-style:normal;font-weight:600">Information</h3>



<p class="has-text-align-left">Unifier, rassembler et informer les travailleu·r·ses du secteur de l’animation en Drôme Ardèche</p>
</div>



<div class="wp-block-column is-layout-flow wp-container-core-column-is-layout-e3d1c41b wp-block-column-is-layout-flow">
<h3 class="wp-block-heading has-text-align-left is-style-asterisk has-body-font-family has-medium-font-size" style="font-style:normal;font-weight:600">Conditions de travail </h3>



<p class="has-text-align-left">Défendre des conditions de travail honnêtes et justes</p>
</div>



<div class="wp-block-column is-layout-flow wp-container-core-column-is-layout-e3d1c41b wp-block-column-is-layout-flow">
<h3 class="wp-block-heading has-text-align-left is-style-asterisk has-body-font-family has-medium-font-size" style="font-style:normal;font-weight:600">Relais</h3>



<p class="has-text-align-left">Donner une voix à toustes les travailleu·r·ses de l’animation</p>
</div>
</div>



<div class="wp-block-columns alignwide is-layout-flex wp-container-core-columns-is-layout-d0bbbce0 wp-block-columns-is-layout-flex">
<div class="wp-block-column is-layout-flow wp-container-core-column-is-layout-e3d1c41b wp-block-column-is-layout-flow">
<h3 class="wp-block-heading has-text-align-left is-style-asterisk has-body-font-family has-medium-font-size" style="font-style:normal;font-weight:600">Animation</h3>



<p class="has-text-align-left">Défendre la qualité du travail et la pratique de l&rsquo;animation en France</p>
</div>
</div>
</div>

<p>Nous sommes un collectif de salarié.e.s de l&rsquo;animation en Drôme et Ardèche . Nous effectuons des recherches en lien avec le monde professionnel du Cinéma d&rsquo;animation . Nous organisons des réunions publiques d&rsquo;information Nos missions Information Unifier, rassembler et informer les travailleu·r·ses du secteur de l’animation en Drôme Ardèche Conditions de travail Défendre des conditions [&hellip;]</p>
